{"id":283,"date":"2021-04-16T10:10:14","date_gmt":"2021-04-16T10:10:14","guid":{"rendered":"http:\/\/z.commonsupport.com\/scubo\/?page_id=283"},"modified":"2025-10-13T17:56:21","modified_gmt":"2025-10-13T20:56:21","slug":"curso-basico-de-mergulho","status":"publish","type":"page","link":"https:\/\/papuanmergulho.com.br\/site\/curso-basico-de-mergulho\/","title":{"rendered":"Curso B\u00e1sico de Mergulho"},"content":{"rendered":"\t\t<div data-elementor-type=\"wp-page\" data-elementor-id=\"283\" class=\"elementor elementor-283\">\n\t\t\t\t\t\t<section class=\"elementor-section elementor-top-section elementor-element elementor-element-824fd0b elementor-section-full_width elementor-section-height-default elementor-section-height-default\" data-id=\"824fd0b\" data-element_type=\"section\">\n\t\t\t\t\t\t<div class=\"elementor-container elementor-column-gap-no\">\n\t\t\t\t\t<div class=\"elementor-column elementor-col-100 elementor-top-column elementor-element elementor-element-1828b8f2\" data-id=\"1828b8f2\" data-element_type=\"column\">\n\t\t\t<div class=\"elementor-widget-wrap elementor-element-populated\">\n\t\t\t\t\t\t<div class=\"elementor-element elementor-element-108ce224 elementor-widget elementor-widget-scubo_course_details1\" data-id=\"108ce224\" data-element_type=\"widget\" data-widget_type=\"scubo_course_details1.default\">\n\t\t\t\t<div class=\"elementor-widget-container\">\n\t\t\t\t\t\n        <section class=\"course-details one\">\n            <div class=\"container\">\n                <div class=\"course-details__image\">\n                       \n\t\t\t\t\t<img decoding=\"async\" src=\"https:\/\/papuanmergulho.com.br\/site\/wp-content\/uploads\/2025\/10\/img-curso-01.jpg\" alt=\"\"\/>\n\t\t\t\t\t                    <div class=\"course-details__infos wow fadeInRight\" data-wow-duration=\"1500ms\">\n                        <div class=\"course-details__infos-title\">Curso<\/div>\n\t\t\t\t\t\t                        <div class=\"course-details__infos-single\">\n                            <span>12<\/span>\n                            <p>Horas de<br> instru\u00e7\u00e3o<\/p>\n                        <\/div>\n\t\t\t\t\t\t                        <div class=\"course-details__infos-single\">\n                            <span>2<\/span>\n                            <p>Aulas <br>te\u00f3ricas<\/p>\n                        <\/div>\n\t\t\t\t\t\t                        <div class=\"course-details__infos-single\">\n                            <span>5<\/span>\n                            <p>Mergulhos<\/p>\n                        <\/div>\n\t\t\t\t\t\t                    <\/div><!-- \/.course-details__infos -->\n                <\/div><!-- \/.course-details__image -->\n            <\/div><!-- \/.container -->\n        <\/section><!-- \/.course-details -->\n            \n\t\t\t\t\t\t<\/div>\n\t\t\t\t<\/div>\n\t\t\t\t\t<\/div>\n\t\t<\/div>\n\t\t\t\t\t<\/div>\n\t\t<\/section>\n\t\t\t\t<section class=\"elementor-section elementor-top-section elementor-element elementor-element-81dc3c3 elementor-section-full_width elementor-section-height-default elementor-section-height-default\" data-id=\"81dc3c3\" data-element_type=\"section\">\n\t\t\t\t\t\t<div class=\"elementor-container elementor-column-gap-no\">\n\t\t\t\t\t<div class=\"elementor-column elementor-col-100 elementor-top-column elementor-element elementor-element-6069036a\" data-id=\"6069036a\" data-element_type=\"column\">\n\t\t\t<div class=\"elementor-widget-wrap elementor-element-populated\">\n\t\t\t\t\t\t<div class=\"elementor-element elementor-element-5858c35f elementor-widget elementor-widget-scubo_course_details2\" data-id=\"5858c35f\" data-element_type=\"widget\" data-widget_type=\"scubo_course_details2.default\">\n\t\t\t\t<div class=\"elementor-widget-container\">\n\t\t\t\t\t\n        <section class=\"course-details two\">\n            <div class=\"container\">\n                <div class=\"course-details__content\">\n                    <h3>Curso B\u00e1sico de<br> Mergulho (Open Water Diver)<\/h3>\n                    <p>Se voc\u00ea sempre quis saber o que existe embaixo da superf\u00edcie, chegou a hora de descobrir. Inicie a jornada de uma vida toda com o curso PADI Open Water Diver. Ele o mudar\u00e1 para sempre. No curso PADI Open Water Diver, o instrutor da PADI apresenta os conceitos b\u00e1sicos necess\u00e1rios para aprender a praticar o mergulho aut\u00f4nomo. As aulas come\u00e7am em uma piscina ou em um local que ofere\u00e7a condi\u00e7\u00f5es semelhantes as de uma piscina e depois passam para \u00e1guas abertas (oceano, lago, pedreira, etc.), com os participantes adquirindo o conhecimento relevante simultaneamente.<br><br>\n\nObter a certifica\u00e7\u00e3o PADI Open Water Diver \u00e9 apenas o come\u00e7o. Como mergulhador certificado, destinos de mergulho fabulosos, pessoas incr\u00edveis, aventuras incompar\u00e1veis e tranq\u00fcilidade incomum est\u00e3o a sua espera. A medida que voc\u00ea d\u00e1 continuidade \u00e0 sua aventura e ganha experi\u00eancia participando de n\u00edveis de treinamento mais elevados, suas oportunidades aumentam. N\u00famero de mergulhos: cinco mergulhos em \u00e1guas confinadas e quatro mergulhos em \u00e1guas abertas.\n\n<\/p>\n                    <h4>Mais informa\u00e7\u00f5es:<\/h4>\n                    <p>\u2022 Desenvolvimento de conhecimento: cinco sess\u00f5es.<br>\n\u2022 Pr\u00e9-requisitos: M\u00ednimo 10 anos de idade para Junior Open Water Diver e 15 anos de idade para Open Water Diver. Boa sa\u00fade, condi\u00e7\u00f5es f\u00edsicas razo\u00e1veis e sentir-se \u00e0 vontade na \u00e1gua.<br>\n\u2022 Materiais necess\u00e1rios: Crew-Pak PADI Open Water, v\u00eddeo ou DVD PADI Open Water, livro de registros.<br>\n\u2022 Equipamento necess\u00e1rio durante o curso: m\u00e1scara, nadadeiras, snorkel, cilindro, regulador, compensador de flutuabilidade, man\u00f4metro submers\u00edvel e roupa de prote\u00e7\u00e3o adequada ao ambiente local.<br><br>\nTornar-se um mergulhador abre uma porta para um mundo totalmente novo. Abra a sua porta e entre neste mundo.\n\n\n\n<\/p>\n                    <p><\/p>\n\t\t\t\t\t                    <a href=\"https:\/\/wa.me\/558396760806\/\" class=\"thm-btn course-details__btn\">Quero fazer o curso<\/a>\n\t\t\t\t\t\t\n                <\/div><!-- \/.course-details__content -->\n            <\/div><!-- \/.container -->\n        <\/section><!-- \/.course-details -->\n            \n\t\t\t\t\t\t<\/div>\n\t\t\t\t<\/div>\n\t\t\t\t\t<\/div>\n\t\t<\/div>\n\t\t\t\t\t<\/div>\n\t\t<\/section>\n\t\t\t\t<\/div>\n\t\t","protected":false},"excerpt":{"rendered":"<p>Curso 12 Horas de instru\u00e7\u00e3o 2 Aulas te\u00f3ricas 5 Mergulhos Curso B\u00e1sico de Mergulho (Open Water Diver) Se voc\u00ea sempre quis saber o que existe embaixo da superf\u00edcie, chegou a hora de descobrir. Inicie a jornada de uma vida toda com o curso PADI Open Water Diver. Ele o mudar\u00e1 para sempre. No curso PADI [&hellip;]<\/p>\n","protected":false},"author":1,"featured_media":0,"parent":0,"menu_order":0,"comment_status":"closed","ping_status":"closed","template":"tpl-default-elementor.php","meta":{"footnotes":""},"class_list":["post-283","page","type-page","status-publish","hentry"],"_links":{"self":[{"href":"https:\/\/papuanmergulho.com.br\/site\/wp-json\/wp\/v2\/pages\/283","targetHints":{"allow":["GET"]}}],"collection":[{"href":"https:\/\/papuanmergulho.com.br\/site\/wp-json\/wp\/v2\/pages"}],"about":[{"href":"https:\/\/papuanmergulho.com.br\/site\/wp-json\/wp\/v2\/types\/page"}],"author":[{"embeddable":true,"href":"https:\/\/papuanmergulho.com.br\/site\/wp-json\/wp\/v2\/users\/1"}],"replies":[{"embeddable":true,"href":"https:\/\/papuanmergulho.com.br\/site\/wp-json\/wp\/v2\/comments?post=283"}],"version-history":[{"count":7,"href":"https:\/\/papuanmergulho.com.br\/site\/wp-json\/wp\/v2\/pages\/283\/revisions"}],"predecessor-version":[{"id":1321,"href":"https:\/\/papuanmergulho.com.br\/site\/wp-json\/wp\/v2\/pages\/283\/revisions\/1321"}],"wp:attachment":[{"href":"https:\/\/papuanmergulho.com.br\/site\/wp-json\/wp\/v2\/media?parent=283"}],"curies":[{"name":"wp","href":"https:\/\/api.w.org\/{rel}","templated":true}]}}